 = -y*v. Suppose 4*j - 11 = -3*a, v*j = -3*a - j + 5. What is the units digit of a?
1
Let y(o) = -2*o**3 + 2*o**2. What is the hundreds digit of y(-4)?
1
Suppose -5*x + 131 = 2*i, 0 = 4*x - i - 0*i - 97. Let n = -12 + x. Let b = n + -4. What is the units digit of b?
9
Let x be (-5 - -2)*(-16)/(-3). Let q = x + 9. Let n = 11 + q. What is the units digit of n?
4
What is the tens digit of (-1)/3 + 1316/42?
3
Let a = -33 - -23. Let m(s) = 2*s**3 + 2*s**2 + 3*s + 1. Let b be m(-2). Let r = a - b. What is the units digit of r?
3
Let c be ((-12)/(-10))/(8/40). Suppose 9 = 3*f - c, 0 = 2*b - 2*f - 32. What is the units digit of b?
1
Suppose -85 = 8*g - 9*g. What is the units digit of g?
5
Let b = 49 + -26. Suppose 5*k + 8 = b. What is the units digit of k?
3
Let g = -14 - -24. What is the tens digit of g?
1
Let z(k) = -k + 1. Let g(j) = -j**2 + 1. Let o be g(-1). Suppose -a + 1 - 2 = o. What is the units digit of z(a)?
2
What is the tens digit of 3 + (3 - -23) + -2?
2
Suppose -4*p + 2*p - 18 = 0. What is the units digit of (-39)/(1/(6/p))?
6
Suppose -o = z + 1, -3*o + 5*z + 9 + 4 = 0. Let d(f) = -27*f - 14. Let a(j) = -9*j - 5. Let k(x) = 17*a(x) - 6*d(x). What is the units digit of k(o)?
8
Suppose 22*z - 371 = 15*z. What is the units digit of z?
3
Let y = 3 - 1. What is the units digit of y/(-3) - 530/(-30)?
7
Let y = 5 + -1. Let j be (-7 + y)/((-6)/34). Suppose c - j = 3*i, c + 4*i - 2 + 20 = 0. What is the units digit of c?
2
Let u(b) = -b**3 - 5*b**2 - 7*b - 6. Let g be u(-4). Suppose 2*d + 4*i - 34 = 0, -d + 4*i - g = d. What is the units digit of d?
7
Let n(h) = -5*h**3 - h**2 - 2*h - 1. Let d = -1 - -8. Suppose x + 0*x = 3, 3*x - d = -2*m. What is the units digit of n(m)?
5
Suppose 0 = -4*n + 4*x + 244, -n + 4*x - 28 + 98 = 0. What is the units digit of n?
8
Suppose 10*l - 5*l - 4 = -2*q, 3*q = l - 11. What is the units digit of l?
2
Suppose -2*z = 2*z. Let x(g) = z*g + g - 5 - 3*g. What is the units digit of x(-4)?
3
Suppose -3*p - 5*n = -221, -4*p + 113 + 189 = 3*n. What is the units digit of p?
7
Let q(i) = 6*i**2 - 5*i + 2. Let w = -10 + 13. What is the units digit of q(w)?
1
Let o(h) = -h**3 + 6*h**2 + 7*h + 10. Let s be 0 - (2/(-2) - 6). What is the tens digit of o(s)?
1
Suppose 4*u - 2*r = -r + 13, u + r - 2 = 0. Let m(k) = 3*k**2 - 3*k - 4. What is the units digit of m(u)?
4
Let d(v) = v + 3. What is the units digit of d(-1)?
2
Let c(x) = -x**3 + 7*x**2 - 3*x - 7. Let o be c(6). Suppose o*z - 14*z = -111. What is the units digit of z?
7
Let l = 6 + 36. What is the units digit of l?
2
Let g = 44 - -117. What is the hundreds digit of g?
1
Suppose 4*w - 13 - 27 = 0. What is the tens digit of w?
1
Let m = 37 - 54. Let o = 10 + m. Let g = 15 + o. What is the units digit of g?
8
Suppose 3*a - 4 - 41 = 0. What is the units digit of a?
5
Let a = 5 - 3. Suppose 2*t = -2*f - 28, -3*t - 74 = a*t + f. Let h = -9 - t. What is the units digit of h?
6
Let u be -3 + 2 - (-45 + -1). Suppose 4*s = s + u. Let o = -7 + s. What is the units digit of o?
8
Let k be ((-23)/1)/((-2)/2). Let a = -5 + k. What is the units digit of a?
8
Suppose 75 = -15*r + 20*r. What is the tens digit of r?
1
Let j(x) = 2 + 8 - 15*x - 3 + x**3 + 14*x**2. What is the units digit of j(-15)?
7
Suppose 2 = 2*w - w. Suppose -w*j + 6 = 4*t - 56, -4*t = -2*j + 30. What is the tens digit of j?
2
What is the units digit of -36*((-60)/16 - -3)?
7
Suppose p + 0*p = -w + 32, 5*p = 5. What is the units digit of w?
1
Let w(z) = 12*z**2 + z + 1. Let b be w(-1). Let i(y) = 4 + 11*y - b*y - 2. What is the units digit of i(-5)?
7
Let n(o) = -2*o**2 - 6*o + 3. Let p be n(-3). Suppose 4*b = p*b + 34. What is the tens digit of b?
3
Let y(c) = -c**3 + 3*c + 3. Let s = 6 + -9. What is the tens digit of y(s)?
2
Let t(h) = 62*h + 9. What is the hundreds digit of t(2)?
1
Suppose -u + 60 = 2*c, -5*c + u = 4*u - 148. What is the tens digit of -1 + 0 + -7 + c?
2
Let j = -6 + 0. Let p = 6 + j. What is the units digit of (1 + p)*(-2 - -7)?
5
Let b(k) = -k**3 + 11*k**2 + 13*k - 9. Let l be b(12). Suppose 5*a + 61 - 16 = 0. What is the units digit of (-86)/(-6) + l/a?
4
Suppose 9*s - 3*s = 654. What is the tens digit of s?
0
Let c(q) = q**2 - 4. Suppose 5*k = -20, 5*k + 11 = -i - 12. Let a be c(i). Suppose a*j - 4*z - 27 + 1 = 0, 2*z = -j - 6. What is the units digit of j?
2
Suppose 7*c - 3*c - 144 = 0. What is the units digit of c?
6
Let y = 37 + 12. Let i = y - 31. What is the tens digit of i?
1
Suppose -2*o + 3*f + 14 = -35, -f + 5 = 0. Suppose -g - 3*i = -0*g + o, -3*i = 15. Let h = g + 30. What is the tens digit of h?
1
Suppose 4*x - x = 6. Suppose 4*b - 171 = -x*l - 3*l, 3*l - b - 89 = 0. What is the units digit of l?
1
Let q = -9 - -8. What is the units digit of 3*((-3)/q + -2)?
3
Let h(a) = -a**2 + 7*a - 12. Let n be h(3). Let x be (1/((-2)/6))/(-1). Suppose n + 42 = x*j. What is the tens digit of j?
1
Let d be 308/21 - 2/3. Let w = d - 4. What is the units digit of w?
0
Let x = -4 + 8. Suppose x*t - 6 - 2 = 0. What is the units digit of t?
2
Suppose 25 + 15 = 5*w. Let c = w + -7. What is the units digit of c?
1
Let x(t) = -t**3 - t**2 - t - 20. Let g be x(0). What is the units digit of (-116)/(-10) - 8/g?
2
Let y(o) be the first derivative of o**2 - 7*o - 3. Let v(k) = k**2 + k + 1. Let z be v(-3). What is the units digit of y(z)?
7
Suppose 2*w = -2*w - 5*c + 75, -9 = -3*c. What is the units digit of w?
5
Let j(m) = 2*m - m + 12 + 0*m**2 - 9*m**2 - m**3. Let u be j(-9). Suppose u*l - 5 = 16. What is the units digit of l?
7
Suppose -4*h = 3 - 55. Let o = 27 - h. What is the tens digit of o?
1
What is the tens digit of 1*((-12)/(-3) + 30)?
3
Let y(v) = 2*v**2 + 2*v + 78. What is the tens digit of y(0)?
7
Let o be (-1)/(-4) + (-28)/(-16). Suppose -4*l + 2*x + 14 = 0, 8 + 10 = 5*l - o*x. Suppose 0*i - 8 = -l*i. What is the units digit of i?
2
Let v be ((-6)/(-10))/((-4)/(-20)). Let h be v/(-6)*(5 + -3). What is the units digit of 17*h*2/(-2)?
7
Suppose 0 = 3*q - 6*q + 6. Suppose 0 = q*f + 4*f - 258. What is the tens digit of f?
4
Suppose -2*i = -5*k - 2 + 1, -4*k + 4 = 0. Suppose i*s + 0*q + 2*q - 41 = 0, q = -2*s + 27. What is the tens digit of s?
1
What is the units digit of (480/(-18))/(1/(-3))?
0
Suppose -5*q + 75 = 4*n, 4*n - 83 = 4*q - q. What is the tens digit of n?
2
Let v(b) = -b**3 - 8*b**2 - 6*b + 10. Let h be v(-7). Suppose -h*r + 16 = r. Suppose -k - 4*w - 2 = 0, -r*w - 3 = -k + 3. What is the units digit of k?
2
Let o = -65 - -197. What is the hundreds digit of o?
1
Let o = -9 + 29. Let i = -15 + o. What is the units digit of i?
5
Let h(o) = -4*o + 5. Let l be h(6). Let w be 0 - (l - 0/2). Suppose 4*j = -s - w, -j = 4*s - 3 + 4. What is the units digit of s?
1
Suppose -h - 4*h = 5. Suppose 3 = 4*v - 25. Let z = v - h. What is the units digit of z?
8
Suppose -2*r + 3 = -3. Suppose 6*h = r*h. Suppose 2*k = -h*k + 14. What is the units digit of k?
7
Suppose 17 = 2*r - 9. What is the units digit of r?
3
Let a(h) = h**2 + 2*h + 3. Let m be a(-5). What is the units digit of 194/m + (-4)/(-18)?
1
Let d(m) = 5*m**3 - 4*m**2 - 6*m**3 - 6*m + 3*m - 6. What is the units digit of d(-4)?
6
Let p = 282 - 192. What is the tens digit of p?
9
Let g = -5 - -9. Suppose -2*x - 9 = -5*x + g*v, 17 = 2*x + v. What is the units digit of x?
7
What is the tens digit of ((-164)/(-6))/((-4)/(-6))?
4
Let n(b) = b**2 + 5*b + 2. Let g be n(-4). Let w = 2 - 1. What is the units digit of (1 - 2*g)/w?
5
Suppose 0 = 2*t + 4, 5*j + 4*t - 4 - 13 = 0. Suppose -32 + j = -3*w. What is the units digit of w?
9
Let w(z) = -9*z**3 + 5*z**2 + 2*z - 7. What is the tens digit of w(-3)?
7
What is the units digit of (64/(-12))/((-2)/3)?
8
Suppose 2*f - 4 = -0. Let w(i) = 5 - 4*i + 4*i**3 - 6*i**2 + f - 5*i**3. What is the units digit of w(-5)?
2
Let v(p) = p**3 - 14*p**2 + 13*p + 3. Let q be v(13). Suppose -4*r - 14 + 2 = -4*z, 3*r + 4 = 2*z. Suppose -q*n + 70 = r*n. What is the units digit of n?
4
Suppose l = -4*x + 3*x + 111, -4*l - 2*x = -448. What is the units digit of l?
3
Let f = 344 + -238. What is the units digit of f?
6
Suppose 4*h = -0*h - 1020. Let q(n) = -n + 16. Let z be q(15). What is the tens digit of h/(-12) - z/4?
2
Let f = 3 + 19. What is the units digit of f?
2
Let x be (-1)/6 - (-39)/18. Let v(g) = 0 + 2*g - 3 + 2 + 